ctor of 26 and p?
2
Let a be (2 - 141/12)*-4. Suppose -t - 2*m = -7, 0 = -5*t - 0*m - 4*m + 23. Calculate the greatest common factor of a and t.
3
Let m(g) = -1 - 10 + 1 + 2 - 28*g. Let r be m(-1). Calculate the greatest common divisor of 10 and r.
10
Suppose -4*p - 3*o = -150, 3*o + 201 = 5*p - 0*p. Let d be 821/3 + (-12)/18. Calculate the highest common divisor of d and p.
39
Suppose -65 = 4*h + g - 6449, 0 = -4*h + 3*g + 6384. What is the greatest common divisor of h and 84?
84
Let t = -4 + 7. Suppose 2*o + 6*r - 3*r = 33, o - 3*r - 39 = 0. Suppose 12 = t*g - o. Calculate the greatest common factor of 6 and g.
6
Suppose 0 = 5*i - 200 - 30. Let h = i + 4. What is the highest common divisor of 20 and h?
10
Suppose 8 = 5*k - 9*k, 0 = -2*r - 5*k + 488. Calculate the greatest common divisor of r and 3.
3
Let d = -72 + 103. Suppose -44*g = -50*g + 372. Calculate the highest common factor of g and d.
31
Let u(y) = 4*y**2 - y. Let j be u(1). Suppose -w = 2*w + j. Let c be w*100*-1 + 0. Calculate the greatest common divisor of c and 25.
25
Let v(a) = 2*a + 13. Let w be v(11). Let o be 2/(-4) - (-39)/6. Suppose 4*q = -5*y + 31, o + 5 = y - 4*q. Calculate the highest common factor of w and y.
7
Let g be (-44)/6*3*-1. Let l(s) = -s**2 - 186*s + 793. Let n be l(4). Calculate the highest common divisor of g and n.
11
Suppose 285 = 4*n + n. Calculate the highest common divisor of n and 27.
3
Let x be (-512)/(-5) - (-4)/(-10). What is the greatest common divisor of x and 6?
6
Let q = 17 - 13. Let p be q/(-2*(-4)/16). What is the highest common factor of p and 2?
2
Suppose -3*l + 30 = 2*l. Suppose -6 = 2*m + l. Let f be -1 - (-8 + 4 + m). What is the greatest common divisor of f and 1?
1
Let d(q) = -q**2 + 4*q + 0 - 9*q - 2. Let i be d(-4). Let n = i + 2. Calculate the greatest common factor of 44 and n.
4
Let m be 24/(-15) + (-6)/15. Let h be 3/(-2) - 171/m. Calculate the highest common factor of 21 and h.
21
Let u = -342 - -398. Calculate the highest common divisor of 28 and u.
28
Let j(n) = 26*n**2 - n + 3. Let b be j(-2). Let r = b + -49. What is the highest common factor of r and 15?
15
Suppose 5*n - 8 + 3 = -5*j, n = -3*j + 1. Suppose j = -4*g + 52 - 4. Let t be (-1)/(2 + (-98)/48). Calculate the highest common divisor of t and g.
12
Let o = -11 + 16. Suppose 0 = l - f - 17, 0 = o*f + 15 - 5. What is the greatest common divisor of l and 30?
15
Let d = 115 + -194. Let c = d + 214. What is the greatest common factor of c and 54?
27
Let l be 6 - 4 - (6 + -1). Let w = 14 + l. Let c = 17 + -6. What is the highest common factor of c and w?
11
Let a(q) = 4*q**3 - q**2 + 6*q - 16. Let d be a(4). Calculate the highest common factor of 31 and d.
31
Suppose 13*r - 876 = -3*g + 11*r, 4*r = -5*g + 1458. What is the highest common divisor of 42 and g?
42
Suppose -2*k + 13 = -5. Suppose z - k = -y, 0 = 2*y - 3*y. Suppose 0 = z*x - 5*x - 4. What is the highest common factor of 11 and x?
1
Suppose -16 = -3*j - j. Suppose j*a - 66 + 26 = 0. Calculate the greatest common factor of 25 and a.
5
Let p = -237 + 251. Suppose 9 = 3*v, -u + 4*v - p + 7 = 0. Let j = 55 + -10. Calculate the highest common divisor of j and u.
5
Suppose -3*f - 2*f + 520 = 0. Let j(q) = -7*q + 34. Let u be j(15). Let w = u + 84. What is the highest common factor of f and w?
13
Suppose 12*j - 11*j - 3 = 0. Suppose -3*t + 2*t - 4*g = -5, -8 = -j*t - 5*g. What is the greatest common divisor of 8 and t?
1
Let m be 2/3*(-9)/(-1). Suppose -m = -5*d + 2*i + 14, 5*d = -2*i. Suppose -3*a - 36 = -3*k, d*a = -a. Calculate the highest common divisor of 8 and k.
4
Let x be 18 - ((2 - -1) + -1). Let k(p) = -30*p - 3. Let g be k(-4). Let w be 0 + g + -2 + -3. What is the highest common factor of w and x?
16
Suppose -6*h - 336 = -3*h. Let k = 58 + h. Let w = k + 102. What is the highest common factor of w and 16?
16
Let l(h) = -144*h + 45. Let w be l(-4). What is the greatest common factor of w and 23?
23
Let a be ((33 + -6)/3)/((-9)/(-6)). Let x be a*3*-6*3/(-27). Let b = -87 - -183. What is the highest common divisor of x and b?
12
Let k = -153 + 348. What is the greatest common divisor of 130 and k?
65
Let y = 12 + -5. Let o be 7/y*(1 + 32). Suppose -o = -2*m - 9. What is the highest common divisor of 6 and m?
6
Let j(q) = -q**3 + 7*q**2 - 6*q. Let r be j(5). Let p = r + -19. What is the highest common factor of 8 and p?
1
Suppose 0 = t - 5, -4*n = 3*t - 1405 + 102. Calculate the greatest common factor of n and 14.
14
Suppose -660 = -6*p - 24*p. Let x(j) = j + 109. Let b be x(0). Suppose -b = -4*y + 683. What is the greatest common divisor of y and p?
22
Let s(y) = -y**2 + 49*y + 622. Let l be s(-10). Let m be (2*-3 + 2)*-1. What is the greatest common factor of m and l?
4
Suppose -5*y - f + 3039 = 0, -2*y + 427 + 793 = -4*f. Calculate the highest common factor of y and 19.
19
Let u be (104/16)/((-1)/(-26)). Calculate the highest common divisor of 143 and u.
13
Suppose 4*t - 19 = 5*v - 123, 0 = -v + 2*t + 16. What is the highest common divisor of 40 and v?
8
Let f(g) = -2*g + 14. Let v(p) = -6*p - 33. Let y be v(-6). Let s be f(y). What is the highest common divisor of 1 and s?
1
Let f(v) = v**2 - 4*v + 5. Let r be f(4). Suppose -2*d = 3*z - 20 + 1, z + 2*d - 9 = 0. Suppose 120 = -2*y + z*y. What is the greatest common factor of y and r?
5
Suppose 2*f + 3 = 1. Let s(n) = 2*n - 1. Let q(b) = -7*b - 2. Let z(v) = q(v) - 3*s(v). Let p be z(f). What is the greatest common factor of p and 2?
2
Let z be 48/9*30/8. Let n = 46 + -44. Let m be (-4)/((-2)/(0 + n)). What is the highest common factor of m and z?
4
Let q(x) = x**3 - 6*x**2 - 21*x + 8. Let o be q(10). Let c be (1 + -2)/(2/(-4)). Suppose 0*s - c*s = -o. Calculate the highest common factor of 9 and s.
9
Suppose 4*m = 655 + 1105. Let f be (16/40)/(2/200). What is the highest common divisor of m and f?
40
Let a(z) = -22*z**3 + 4*z - 1. Let g be a(-3). Calculate the highest common factor of g and 332.
83
Let t be ((-253)/(-33) - 4) + (-2)/(-6). Calculate the greatest common divisor of 124 and t.
4
Let d = 168 + -164. Calculate the greatest common factor of 26 and d.
2
Let m = -8 - -23. Let p be ((12/(-10))/(6/m))/(-1). What is the greatest common factor of 6 and p?
3
Suppose -491 = -4*o + 3*o. Suppose -13 - o = -3*u. What is the highest common factor of u and 42?
42
Suppose 462 = 21*s + 420. What is the highest common factor of 3 and s?
1
Let l be -1 - (2 - 5) - 3*2. Let s(z) = z - 6. Let v be s(5). Let w be (2 - -1)*v - l. Calculate the greatest common divisor of 1 and w.
1
Let c be (-3 - -1)/(-1 - 35/(-40)). What is the greatest common divisor of c and 72?
8
Let p be 25/10 + 10/4 + -1. Suppose 224 = 5*s + 2*s. What is the highest common divisor of p and s?
4
Let f be ((-2)/7)/((-115)/322)*40. Let d(p) = 3*p**3 - 4*p**2 + 3. Let y be d(3). What is the highest common factor of f and y?
16
Let z(p) = 11*p - 39. Let o be z(5). What is the highest common factor of o and 2?
2
Let i be (-492)/(-21) - 4/(56/6). Let v = i + -3. Let u(y) = y**3 + 11*y**2 + 3*y + 5. Let f be u(-5). Calculate the highest common factor of f and v.
20
Suppose 10458 = -12*o + 95*o. What is the highest common divisor of o and 315?
63
Suppose -26*y = -416 - 754. What is the highest common factor of 10 and y?
5
Let d(z) be the first derivative of z**4/4 - z**3 - 17*z**2/2 + 7*z - 14. Let l be d(7). What is the greatest common factor of 12 and l?
12
Let k be (127 - 3)*1/(-2). Let n = k + 78. What is the highest common divisor of 128 and n?
16
Let q(b) = -4 - 8 - 1 - 4 - b. Let g be q(-19). Suppose g*l = 72 - 16. What is the greatest common divisor of 224 and l?
28
Let m(d) = d**2 + 3*d. Let w be m(1). Suppose 2*y + 2*y - 80 = -w*a, -4*y = -2*a - 86. Calculate the greatest common divisor of y and 3.
3
Let t be 110/44*(-12)/(-5). Calculate the highest common divisor of t and 30.
6
Let o(x) = 2*x**2 - 18*x - 91. Let d be o(19). What is the highest common divisor of 17 and d?
17
Let k be 4*(-2)/(8/(-69)). Let c(j) = -4*j**2 - 5*j - 5. Let y be c(-4). Let d = y + k. What is the greatest common divisor of d and 5?
5
Suppose -12*x - 28 = -11*x. Let r be 75/(-10)*x/6. What is the greatest common factor of 14 and r?
7
Suppose 9 = -2*c + 3*c. Let b(h) = 147*h + 1623. Let j be b(-11). What is the great